ist the prime factors of x(o).
2
Suppose -30 = 8*o + 2. List the prime factors of -43*-2*(-2)/o.
43
Let d = -13 - -14. Suppose -6 = w - d, -5*v + 5*w = 290. Let q = v - -89. What are the prime factors of q?
2, 13
Suppose 4*z - 1160 = -p, -z + 5*z - 4*p = 1160. Suppose r + r = z. What are the prime factors of r?
5, 29
Let p = 61 - 36. Suppose 3*v - 2*w - 13 = 11, -4*v + p = -5*w. What are the prime factors of v?
2, 5
Let y(x) = x**3 - 9*x**2 + 2*x - 3. Suppose -5*q + 3*q = 0. Suppose 2*h + 6 - 24 = q. List the prime factors of y(h).
3, 5
Let t(u) = u**2 - 12*u - 25. Let c = 75 + -61. What are the prime factors of t(c)?
3
Suppose -5*f - b = 2*b - 51, 8 = 4*b. Let q(z) = 2*z**2 - 4*z - 5. List the prime factors of q(f).
11
Let x(q) = q + 16. Let m be x(-14). Let g be (2 + m)*75/(-20). Let v = 19 + g. List the prime factors of v.
2
Suppose 11*h - 2016 = -h. What are the prime factors of h?
2, 3, 7
Let d(v) be the first derivative of v**2 - 9*v - 3. Let f be d(7). Suppose 131 - 21 = f*x. List the prime factors of x.
2, 11
Let l = -125 - -136. Suppose -l*q = -6*q - 805. List the prime factors of q.
7, 23
Suppose -5*b + 1 + 24 = 0. Suppose 0 = -b*o + 7 + 163. List the prime factors of o.
2, 17
Let q be 17 - 19 - -10*2. Let z be 1*29 - (-1 - 0). Let t = q + z. What are the prime factors of t?
2, 3
Suppose 0 = 48*v - 43*v - 4240. What are the prime factors of v?
2, 53
Let y(s) = -s**2 + 45*s + 91. What are the prime factors of y(40)?
3, 97
Let s(f) = 1 + 6 - f**3 + 18*f**2 + 15 - 12*f. What are the prime factors of s(17)?
107
Suppose 3*t - 109 = -4*c + 2*c, c + t = 52. Let i = c + -25. List the prime factors of i.
2, 11
List the prime factors of -5 - (-2 + -3) - (4 - 15).
11
Suppose -72*h = -75*h - 6. List the prime factors of (-15 + 31)/(0 + h/(-8)).
2
What are the prime factors of (57 + -56)/((-2)/(-3354))?
3, 13, 43
Let z(t) = 0 + 0 - 6*t - 1 - 10. List the prime factors of z(-5).
19
Let o be (-2275)/(-52) - 6/8. Suppose 0 = -3*w + 4*g - 41, -4 = -g + 5*g. Let z = o + w. What are the prime factors of z?
2, 7
Suppose l = -0*l + 127. What are the prime factors of l?
127
Let g(d) = -d**2 + 7*d + 40. What are the prime factors of g(9)?
2, 11
Let p(l) = 8*l**3 - 5*l**2 + 10*l + 32. What are the prime factors of p(5)?
3, 11, 29
Let t = 40 + 180. Suppose 182 = 3*l - t. What are the prime factors of l?
2, 67
List the prime factors of (-2 - -3)*(9 - 8) + 1307.
2, 3, 109
Suppose o + 1 + 1 = 0. Let l = o - -2. Suppose l = -6*p + 3*p + 21. What are the prime factors of p?
7
Let a = 321 - -1150. List the prime factors of a.
1471
Let h(p) = -574*p + 380. List the prime factors of h(-3).
2, 1051
Suppose -2*c + c + 235 = 0. What are the prime factors of c?
5, 47
Suppose 4*f + 18 = -5*f. What are the prime factors of (-600)/(-7) - -2*f/(-14)?
2, 43
Let i be (-832)/(-20) - 4/(-10). Let y = -84 - -96. Let x = y + i. What are the prime factors of x?
2, 3
Let u(c) = 9*c**3 + c**2. Let r be u(1). Let m(t) = t + 5. Let g be m(r). List the prime factors of (-109)/(-4) + g/(-60).
3
Let p(i) = 2*i**2 + 11 - 4*i - i**2 + 6*i. What are the prime factors of p(-12)?
131
Suppose 9*n = 6*n - 54. List the prime factors of (5 + 102/n)*(-78)/2.
2, 13
Let s(r) = -r**3 + 7*r**2 - 9*r + 8. Let p be s(5). Suppose p*z - 18*z = -100. What are the prime factors of z?
2, 5
Suppose -7*c + 9*c - 10 = 0. Suppose -14 = -o - c*d, d = 3*o + 2*o - 70. Let a = 7 + o. List the prime factors of a.
3, 7
Let n(s) be the third derivative of -1/120*s**6 + 0*s + 0 + 11/3*s**3 + s**2 - 1/60*s**5 + 1/24*s**4. List the prime factors of n(0).
2, 11
Suppose -5*k + 3*k + 5*n - 23 = 0, -4*n = -2*k - 18. What are the prime factors of (3/k)/((-6)/(-50))?
5
What are the prime factors of 2/(-4)*795/(-30)*28?
7, 53
Let r(a) = -2*a**3 - 18*a**2 - 52*a + 4. List the prime factors of r(-9).
2, 59
Suppose 5*h - 12 = -2*t - t, -3*t = -3*h - 12. Let z(w) = -w**2 + w + 3. Let o be z(h). List the prime factors of (-2)/o - (-100)/6.
2
Suppose -4*w = 2*y - 7*y - 859, 0 = -w - 2*y + 205. List the prime factors of w.
211
Let w(d) be the first derivative of 15*d**2 - 7*d - 10. List the prime factors of w(4).
113
Let o(i) = -7*i + 10*i - 4*i. Let d be o(-2). Suppose -1 - 5 = -d*g. What are the prime factors of g?
3
Suppose -126 = -0*f - 4*f - 2*m, 2*m = 4*f - 146. Suppose -3*w + f = -95. Let d = 87 - w. List the prime factors of d.
2, 11
Let l = 95 - 32. What are the prime factors of l?
3, 7
Suppose 53*j - 23978 = 17839. What are the prime factors of j?
3, 263
Let x(p) = p**3 - 2*p**2 - 4*p + 1. Let v be x(3). Let b = v - -6. Suppose 98 = b*t - 3*d, 0 = -t + 3*d + 27 + 2. What are the prime factors of t?
23
Let g(i) = 5*i**2 + 2*i - 2. Let n be g(-3). Suppose 0 = 2*q - 6 - 28. Let b = n - q. List the prime factors of b.
2, 5
Let f = -172 - -133. Let w = f - -60. List the prime factors of w.
3, 7
Suppose 2 + 3 = r. Suppose -21 = 2*p + r. Let j = p - -56. What are the prime factors of j?
43
Suppose 0*s = 2*d + 3*s - 8, -5*s + 4 = 2*d. Let i(y) = y**3 - 6*y**2 + 4*y - 7. Let l be i(d). Suppose -6*c = -c - l. What are the prime factors of c?
2, 7
Let a be 48/(-1*(-6)/(-153)). List the prime factors of 4/3*a/(-48).
2, 17
Suppose -2*l - 5*l = -1183. What are the prime factors of l?
13
Suppose -3*n - 2*y + 9 = 0, 2*n - 3*n + 4*y + 3 = 0. Let w be n - (-2 + 2 - 1). Suppose 0 = t - 19 - w. List the prime factors of t.
23
Suppose 2*u = -3*q - 25, -3*u + 15 - 56 = 5*q. Let i(w) = -2*w. List the prime factors of i(q).
2, 7
Let a(n) = -20*n**2 - n + 1. Let l be a(1). Let q be -10*(l/8 - -2). Suppose -2*j = -q*p + j, -16 = -2*p - 2*j. What are the prime factors of p?
3
Let a be 0/((-25)/(-5) + -3). Suppose 2*q + 3*b - 192 = a, 0*q - 3*b = -5*q + 480. List the prime factors of q.
2, 3
Let j = 9 - 17. What are the prime factors of (-489)/(-6) + 4/j?
3
Suppose -2*i + 26 = -2*u, 2*i - 3*i = -4*u - 22. Suppose -13*m + i*m + 276 = 0. What are the prime factors of m?
2, 23
Let z = 521 + -302. Suppose -y - 61 + z = 0. List the prime factors of y.
2, 79
Let i = 339 - 146. Let c be 2/5 + 23/5. Suppose -i = -c*l + 4*b, -b + 103 = 3*l + 3*b. What are the prime factors of l?
37
Let t(c) be the first derivative of c**4/4 - c**3/3 - 5*c**2/2 - 7*c - 13. List the prime factors of t(5).
2, 17
Let c be -5 - ((-7 - -3) + 28). What are the prime factors of c/(((-9)/3)/3)?
29
Suppose 5*o = i + 26, -4*o - 3*i = -0*i - 17. Suppose 0*n = 4*n + r - 340, -o*n + 428 = 2*r. List the prime factors of n.
2, 3, 7
Suppose 9*a - 6*a - 8705 = 4*o, 0 = 3*a + 2*o - 8675. List the prime factors of a.
3, 5, 193
Let b be 3/(-9) - 86/(-6). Suppose -j = -k, -2 + b = 4*j - k. Suppose 2*u - 23 = -4*q + 63, -j*u + 2*q + 122 = 0. What are the prime factors of u?
3, 11
Suppose 5*w - t + 5 = 3*t, -3*w = 3*t + 30. Let z(g) = -g**2 - 9*g - 6. Let c be z(w). List the prime factors of (288/56)/(2/c).
2, 3
Let l = 92 - -988. What are the prime factors of l?
2, 3, 5
Suppose -4*u = -5*u + 4. Suppose 0 = 4*x - 258 - 310. Suppose -u*n + 4*f + 137 = -n, f - x = -3*n. List the prime factors of n.
47
Let s = -160 + 181. Suppose -h - 5*y - 5 = 21, -70 = 4*h + 3*y. Let c = s + h. What are the prime factors of c?
5
Let p(g) = -18*g**3 + g**2 - 3*g - 1. Suppose -n = -109 + 111. What are the prime factors of p(n)?
3, 17
Let k be 4/6 + 2788/3. Suppose j + k = 7*j. List the prime factors of j.
5, 31
Let v(p) = -3*p - 12. Let j be v(-6). Suppose 2*q + j = 3*q. What are the prime factors of q?
2, 3
Let m(t) = t - 20. Let y be m(18). Let p(j) = -63*j - 6. What are the prime factors of p(y)?
2, 3, 5
Let y(n) = 8*n + 18*n + 8*n + 8*n. Let j be y(2). Let i = -43 + j. What are the prime factors of i?
41
Suppose -n - 2514 = -4*n. List the prime factors of n.
2, 419
Let y be -2 + (0 - 0 - -2). Let q = 20 - y. List the prime factors of q.
2, 5
Let u(s) = -4*s**2 - 88*s + 9. List the prime factors of u(-20).
13
Let t(z) = 2*z + 2*z**2 + 2 - 139*z**3 - 2*z - 3. Let i be t(1). List the prime factors of i/(-8)*48/36.
23
Suppose 37*y - 26*y - 10923 = 0. What are the prime factors of y?
3, 331
Suppose -61*y = -60*y - 376. What are the prime factors of y?
2, 47
Let c be (-30)/(-4)*32/24. Suppose -d + 8 = u, 3*d = d + c. Suppose u*y - 6 = 21. List the prime factors of y.
3
Let p be (-2)/(-4) - 5/2. Let g = p + 0. List the 